{"id":8362,"date":"2022-11-10T16:35:07","date_gmt":"2022-11-10T15:35:07","guid":{"rendered":"https:\/\/tibble.nu\/campus-taby\/?page_id=8362"},"modified":"2024-11-13T08:53:22","modified_gmt":"2024-11-13T07:53:22","slug":"jennifer-berg","status":"publish","type":"page","link":"https:\/\/tibble.nu\/campus-taby\/utbildningar\/teknik\/jennifer-berg\/","title":{"rendered":"Elevintervju med Jennifer Berg"},"content":{"rendered":"<p>Jag g\u00e5r nu tredje och sista \u00e5ret p\u00e5 Tibbles Teknikprogram och jag valde just Teknikprogrammet f\u00f6r att jag alltid har tyckt att det \u00e4r kul med matte och inte lika intresserad av till exempel so-\u00e4mnena. N\u00e4r jag skulle v\u00e4lja linje stod det mellan att v\u00e4lja natur eller teknik. Nu i efterhand \u00e4r jag s\u00e5 himla n\u00f6jd \u00f6ver mitt val d\u00e5 jag k\u00e4nner att de kurser jag har och inte har l\u00e4st \u00e4r helt enligt mina intressen och preferenser.<\/p>\n<p>Val av gymnasium var jag dock s\u00e4ker p\u00e5 redan sen l\u00e5ngt tillbaka att det var Tibble jag skulle v\u00e4lja. Dels f\u00f6r att det l\u00e5g n\u00e4ra d\u00e4r jag bor, och f\u00f6r att det var m\u00e5nga av mina kompisar som skulle v\u00e4lja det. Eftersom jag inte visste n\u00e5gon annan som skulle l\u00e4sa Teknikprogrammet s\u00e5 k\u00e4ndes det tryggt f\u00f6r mig att i alla fall k\u00e4nna n\u00e5gra som skulle g\u00e5 samma skola.<\/p>\n<p>Under min gymnasietid har vi f\u00e5tt g\u00f6ra m\u00e5nga roliga saker, till exempel bygga broar av spagetti, skapa v\u00e5ra egna hemsidor och roliga labbar p\u00e5 fysiken. Allt detta \u00e4r saker som gjort min gymnasietid s\u00e5 mycket b\u00e4ttre \u00e4n f\u00f6rv\u00e4ntat. Efter gymnasiet \u00e4r min dr\u00f6m att plugga vidare och l\u00e4sa teknisk fysik i Uppsala eller G\u00f6teborg, men vad jag vill jobba med i framtiden \u00e4r jag inte lika s\u00e4ker p\u00e5 men utbildningen lockar verkligen.<\/p>\n<p>Om jag skulle f\u00e5 skicka med mig n\u00e5got till den som \u00e4r intresserad av att l\u00e4sa teknikprogrammet s\u00e5 skulle det vara, g\u00f6r det. \u00c4r det s\u00e5 att man \u00e4r intresserad av det man g\u00f6r och de kurser man l\u00e4ser s\u00e5 tror jag verkligen inte att man kommer \u00e5ngra sig. B\u00e5de m\u00e5nga roliga praktiska och teoretiska kurser och ens m\u00f6jligheter efter gymnasiet \u00e4r breda.<\/p>\n<p>&nbsp;<\/p>\n<p>&nbsp;<\/p>\n","protected":false},"excerpt":{"rendered":"<p>Jag g\u00e5r nu tredje och sista \u00e5ret p\u00e5 Tibbles Teknikprogram och jag valde just Teknikprogrammet f\u00f6r att jag alltid har tyckt att det \u00e4r kul med matte och inte lika intresserad av till exempel so-\u00e4mnena. N\u00e4r jag skulle v\u00e4lja linje&#8230;<\/p>\n","protected":false},"author":14,"featured_media":0,"parent":8232,"menu_order":0,"comment_status":"closed","ping_status":"closed","template":"","meta":{"footnotes":""},"class_list":["post-8362","page","type-page","status-publish","hentry"],"acf":[],"_links":{"self":[{"href":"https:\/\/tibble.nu\/campus-taby\/wp-json\/wp\/v2\/pages\/8362","targetHints":{"allow":["GET"]}}],"collection":[{"href":"https:\/\/tibble.nu\/campus-taby\/wp-json\/wp\/v2\/pages"}],"about":[{"href":"https:\/\/tibble.nu\/campus-taby\/wp-json\/wp\/v2\/types\/page"}],"author":[{"embeddable":true,"href":"https:\/\/tibble.nu\/campus-taby\/wp-json\/wp\/v2\/users\/14"}],"replies":[{"embeddable":true,"href":"https:\/\/tibble.nu\/campus-taby\/wp-json\/wp\/v2\/comments?post=8362"}],"version-history":[{"count":3,"href":"https:\/\/tibble.nu\/campus-taby\/wp-json\/wp\/v2\/pages\/8362\/revisions"}],"predecessor-version":[{"id":8365,"href":"https:\/\/tibble.nu\/campus-taby\/wp-json\/wp\/v2\/pages\/8362\/revisions\/8365"}],"up":[{"embeddable":true,"href":"https:\/\/tibble.nu\/campus-taby\/wp-json\/wp\/v2\/pages\/8232"}],"wp:attachment":[{"href":"https:\/\/tibble.nu\/campus-taby\/wp-json\/wp\/v2\/media?parent=8362"}],"curies":[{"name":"wp","href":"https:\/\/api.w.org\/{rel}","templated":true}]}}