{"id":8099,"date":"2022-09-23T11:19:59","date_gmt":"2022-09-23T09:19:59","guid":{"rendered":"https:\/\/tibble.nu\/campus-taby\/?page_id=8099"},"modified":"2025-10-02T10:35:10","modified_gmt":"2025-10-02T08:35:10","slug":"klassikerklubben","status":"publish","type":"page","link":"https:\/\/tibble.nu\/campus-taby\/att-vara-elev-pa-tibble\/foreningar\/klassikerklubben\/","title":{"rendered":"Klassikerklubben"},"content":{"rendered":"<p>Vill du utmana dig sj\u00e4lv och \u00f6ka din litter\u00e4ra bildning?<br \/>\nD\u00e5 finns klassikerklubben f\u00f6r dig!<\/p>\n<p>Medlemmarna r\u00f6star fram en bok som ska l\u00e4sas, och alla f\u00e5r varsitt exemplar av den utvalda boken.<\/p>\n<p>Alla elever, oavsett \u00e5rskurs eller program, kan g\u00e5 med i Klassikerklubben.<br \/>\nKontakta Rasmus Wahlman f\u00f6r att medverka.<br \/>\nrasmus.wahlman@tibble.nu<\/p>\n<p>Vad \u00e4r en klassiker?<br \/>\n&#8221;Ett litter\u00e4rt verk som kan betraktas ha o\u00e4ndliga kvaliteter och som \u00e4r tidl\u00f6st brukar kallas f\u00f6r en klassiker. Verket har h\u00f6gre kvalitet p\u00e5 sitt spr\u00e5k och ofta skildras universella fr\u00e5gor som \u00e4r aktuella f\u00f6r den samtid d\u00e5 verket skrevs. Innan verket kan kallas f\u00f6r en klassiker ska det ha passerat en l\u00e5ng tid och det ska \u00e4nd\u00e5 vara intressant att l\u00e4sa. En klassiker brukar handla om tidl\u00f6sa teman som k\u00e4rlek, liv, hat och d\u00f6d. Med andra ord s\u00e5dant som alla m\u00e4nniskor oberoende av social klass k\u00e4nner igen sig i och ber\u00f6rs av&#8221;<br \/>\nK\u00e4lla: https:\/\/forlagskansli.se\/vad-ar-egentligen-en-klassiker\/<\/p>\n","protected":false},"excerpt":{"rendered":"<p>Vill du utmana dig sj\u00e4lv och \u00f6ka din litter\u00e4ra bildning? D\u00e5 finns klassikerklubben f\u00f6r dig! Medlemmarna r\u00f6star fram en bok som ska l\u00e4sas, och alla f\u00e5r varsitt exemplar av den utvalda boken. Alla elever, oavsett \u00e5rskurs eller program, kan g\u00e5&#8230;<\/p>\n","protected":false},"author":81,"featured_media":0,"parent":4764,"menu_order":0,"comment_status":"closed","ping_status":"closed","template":"","meta":{"footnotes":""},"class_list":["post-8099","page","type-page","status-publish","hentry"],"acf":[],"_links":{"self":[{"href":"https:\/\/tibble.nu\/campus-taby\/wp-json\/wp\/v2\/pages\/8099","targetHints":{"allow":["GET"]}}],"collection":[{"href":"https:\/\/tibble.nu\/campus-taby\/wp-json\/wp\/v2\/pages"}],"about":[{"href":"https:\/\/tibble.nu\/campus-taby\/wp-json\/wp\/v2\/types\/page"}],"author":[{"embeddable":true,"href":"https:\/\/tibble.nu\/campus-taby\/wp-json\/wp\/v2\/users\/81"}],"replies":[{"embeddable":true,"href":"https:\/\/tibble.nu\/campus-taby\/wp-json\/wp\/v2\/comments?post=8099"}],"version-history":[{"count":4,"href":"https:\/\/tibble.nu\/campus-taby\/wp-json\/wp\/v2\/pages\/8099\/revisions"}],"predecessor-version":[{"id":11741,"href":"https:\/\/tibble.nu\/campus-taby\/wp-json\/wp\/v2\/pages\/8099\/revisions\/11741"}],"up":[{"embeddable":true,"href":"https:\/\/tibble.nu\/campus-taby\/wp-json\/wp\/v2\/pages\/4764"}],"wp:attachment":[{"href":"https:\/\/tibble.nu\/campus-taby\/wp-json\/wp\/v2\/media?parent=8099"}],"curies":[{"name":"wp","href":"https:\/\/api.w.org\/{rel}","templated":true}]}}