{"id":7699,"date":"2022-06-21T10:27:11","date_gmt":"2022-06-21T08:27:11","guid":{"rendered":"https:\/\/tibble.nu\/campus-taby\/?page_id=7699"},"modified":"2025-08-20T13:34:59","modified_gmt":"2025-08-20T11:34:59","slug":"infor-skolstarten","status":"publish","type":"page","link":"https:\/\/tibble.nu\/campus-taby\/infor-skolstarten\/","title":{"rendered":"Inf\u00f6r skolstarten"},"content":{"rendered":"<h4>F\u00f6r\u00e4ldram\u00f6te 2025<\/h4>\n<p>Torsdagen den\u00a0 21 augusti kl. 18.00 bjuder Tibble in till ett f\u00f6r\u00e4ldram\u00f6te f\u00f6r \u00e5rskurs 1. Om du inte kan g\u00e5 p\u00e5 m\u00f6tet och saknar viktig information, v\u00e4nligen kontakta mentor f\u00f6r respektive klass. \u00c4r du os\u00e4ker p\u00e5 vem som \u00e4r mentor, kan du mejla din fr\u00e5ga till info@tibble.nu.<\/p>\n<p><a href=\"https:\/\/tibble.nu\/campus-taby\/wp-content\/uploads\/foraldramote-25_08_ht.pdf\">f\u00f6r\u00e4ldram\u00f6te 25_08_ht<\/a><\/p>\n<p>Varmt v\u00e4lkomna!<\/p>\n<hr \/>\n<h3>Viktiga dokument till \u00e5k 1<\/h3>\n<p>V\u00e5rdnadshavare till elever som b\u00f6rjar i \u00e5rskurs 1 beh\u00f6ver signera n\u00f6dv\u00e4ndiga dokument inf\u00f6r skolstarten. Dessa dokument, samt m\u00f6jligheten att signera dem, hittar ni via l\u00e4nken nedan.<br \/>\nOm du f\u00e5r problem med signering fr\u00e5n mobil, v\u00e4ljer du ist\u00e4llet att utf\u00f6ra detta fr\u00e5n en station\u00e4r dator.<\/p>\n<p><strong><a href=\"https:\/\/esign.simplesign.io\/online\/1519575\/Cedergrenska\" target=\"_blank\" rel=\"noopener\">Signering inf\u00f6r skolstart\u00a0<\/a><\/strong><\/p>\n<p>Vi ber er \u00e4ven att l\u00e4sa igenom skolans trivselregler, som ni finner via l\u00e4nken nedan.<\/p>\n<p><a href=\"https:\/\/tibble.nu\/campus-taby\/wp-content\/uploads\/Tibble-Taby-elevkatalog.pdf\" target=\"_blank\" rel=\"noopener\">Tibbles trivselregler (sida 9)<\/a><\/p>\n<p>Som ny elev f\u00e5r du ett v\u00e4lkomstbrev hemskickat, inneh\u00e5llande ett rektorsbrev, tv\u00e5 blanketter samt en informationsbroschyr. Det \u00e4r viktigt att b\u00e5de v\u00e5rdnadshavare och elev har l\u00e4st igenom detta material innan skolstart. Om du har blivit antagen till Tibble men inte har f\u00e5tt v\u00e4lkomstbrevet senast den 8 augusti, v\u00e4nligen kontakta oss p\u00e5 <a href=\"mailto:info@tibble.nu\">info@tibble.nu<\/a><\/p>\n","protected":false},"excerpt":{"rendered":"<p>F\u00f6r\u00e4ldram\u00f6te 2025 Torsdagen den\u00a0 21 augusti kl. 18.00 bjuder Tibble in till ett f\u00f6r\u00e4ldram\u00f6te f\u00f6r \u00e5rskurs 1. Om du inte kan g\u00e5 p\u00e5 m\u00f6tet och saknar viktig information, v\u00e4nligen kontakta mentor f\u00f6r respektive klass. \u00c4r du os\u00e4ker p\u00e5 vem som&#8230;<\/p>\n","protected":false},"author":14,"featured_media":0,"parent":0,"menu_order":24,"comment_status":"closed","ping_status":"closed","template":"","meta":{"footnotes":""},"class_list":["post-7699","page","type-page","status-publish","hentry"],"acf":[],"_links":{"self":[{"href":"https:\/\/tibble.nu\/campus-taby\/wp-json\/wp\/v2\/pages\/7699","targetHints":{"allow":["GET"]}}],"collection":[{"href":"https:\/\/tibble.nu\/campus-taby\/wp-json\/wp\/v2\/pages"}],"about":[{"href":"https:\/\/tibble.nu\/campus-taby\/wp-json\/wp\/v2\/types\/page"}],"author":[{"embeddable":true,"href":"https:\/\/tibble.nu\/campus-taby\/wp-json\/wp\/v2\/users\/14"}],"replies":[{"embeddable":true,"href":"https:\/\/tibble.nu\/campus-taby\/wp-json\/wp\/v2\/comments?post=7699"}],"version-history":[{"count":5,"href":"https:\/\/tibble.nu\/campus-taby\/wp-json\/wp\/v2\/pages\/7699\/revisions"}],"predecessor-version":[{"id":11700,"href":"https:\/\/tibble.nu\/campus-taby\/wp-json\/wp\/v2\/pages\/7699\/revisions\/11700"}],"wp:attachment":[{"href":"https:\/\/tibble.nu\/campus-taby\/wp-json\/wp\/v2\/media?parent=7699"}],"curies":[{"name":"wp","href":"https:\/\/api.w.org\/{rel}","templated":true}]}}