{"id":5653,"date":"2021-08-22T16:17:41","date_gmt":"2021-08-22T14:17:41","guid":{"rendered":"http:\/\/tibble.nu\/campus-taby\/?page_id=5653"},"modified":"2025-10-02T10:38:01","modified_gmt":"2025-10-02T08:38:01","slug":"litterara-salongen","status":"publish","type":"page","link":"https:\/\/tibble.nu\/campus-taby\/att-vara-elev-pa-tibble\/foreningar\/litterara-salongen\/","title":{"rendered":"Litter\u00e4ra salongen"},"content":{"rendered":"<p>Tibble litter\u00e4ra salong \u00e4r en bokcirkel f\u00f6r alla elever p\u00e5 skolan som tr\u00e4ffas n\u00e5gra g\u00e5nger per termin f\u00f6r att l\u00e4sa och diskutera b\u00f6cker.<\/p>\n<p>Medlemmarna r\u00f6star fram en bok som ska l\u00e4sas, och alla f\u00e5r varsitt exemplar av den utvalda boken. N\u00e5gra av b\u00f6ckerna som l\u00e4sts tidigare \u00e4r:<\/p>\n<ul>\n<li>Normala m\u00e4nniskor av Sally Rooney<\/li>\n<li>Dorian Grays portr\u00e4tt av Oscar Wilde<\/li>\n<li>1984 av George Orwell<\/li>\n<li>The Queen&#8217;s Gambit av Walter Tevis<\/li>\n<li>Den hemliga historien av Donna Tartt<\/li>\n<li>Magnolia Park av Jessica Hastings<\/li>\n<\/ul>\n<p>Alla elever, oavsett \u00e5rskurs eller program, kan g\u00e5 med i den litter\u00e4ra salongen. Kontakta v\u00e5r bibliotekarie Amanda Karlsson f\u00f6r att medverka.<\/p>\n","protected":false},"excerpt":{"rendered":"<p>Tibble litter\u00e4ra salong \u00e4r en bokcirkel f\u00f6r alla elever p\u00e5 skolan som tr\u00e4ffas n\u00e5gra g\u00e5nger per termin f\u00f6r att l\u00e4sa och diskutera b\u00f6cker. Medlemmarna r\u00f6star fram en bok som ska l\u00e4sas, och alla f\u00e5r varsitt exemplar av den utvalda boken&#8230;.<\/p>\n","protected":false},"author":14,"featured_media":0,"parent":4764,"menu_order":0,"comment_status":"closed","ping_status":"closed","template":"","meta":{"footnotes":""},"class_list":["post-5653","page","type-page","status-publish","hentry"],"acf":[],"_links":{"self":[{"href":"https:\/\/tibble.nu\/campus-taby\/wp-json\/wp\/v2\/pages\/5653","targetHints":{"allow":["GET"]}}],"collection":[{"href":"https:\/\/tibble.nu\/campus-taby\/wp-json\/wp\/v2\/pages"}],"about":[{"href":"https:\/\/tibble.nu\/campus-taby\/wp-json\/wp\/v2\/types\/page"}],"author":[{"embeddable":true,"href":"https:\/\/tibble.nu\/campus-taby\/wp-json\/wp\/v2\/users\/14"}],"replies":[{"embeddable":true,"href":"https:\/\/tibble.nu\/campus-taby\/wp-json\/wp\/v2\/comments?post=5653"}],"version-history":[{"count":6,"href":"https:\/\/tibble.nu\/campus-taby\/wp-json\/wp\/v2\/pages\/5653\/revisions"}],"predecessor-version":[{"id":11743,"href":"https:\/\/tibble.nu\/campus-taby\/wp-json\/wp\/v2\/pages\/5653\/revisions\/11743"}],"up":[{"embeddable":true,"href":"https:\/\/tibble.nu\/campus-taby\/wp-json\/wp\/v2\/pages\/4764"}],"wp:attachment":[{"href":"https:\/\/tibble.nu\/campus-taby\/wp-json\/wp\/v2\/media?parent=5653"}],"curies":[{"name":"wp","href":"https:\/\/api.w.org\/{rel}","templated":true}]}}