{"id":5479,"date":"2021-08-16T12:08:02","date_gmt":"2021-08-16T10:08:02","guid":{"rendered":"http:\/\/tibble.nu\/campus-taby\/?page_id=5479"},"modified":"2025-05-21T13:22:25","modified_gmt":"2025-05-21T11:22:25","slug":"nya-tibble-nu","status":"publish","type":"page","link":"https:\/\/tibble.nu\/campus-taby\/nya-tibble-nu\/","title":{"rendered":"Nya Tibble.nu"},"content":{"rendered":"<p>Vi hoppas att Tibble.nu ska g\u00f6ra det l\u00e4ttare f\u00f6r dig som g\u00e5r p\u00e5 h\u00f6gstadiet att g\u00f6ra ditt gymnasieval.\u00a0D\u00e4rf\u00f6r har vi fyllt v\u00e5r hemsida med information, nyheter, intervjuer och filmer f\u00f6r att du ska f\u00e5 en bra inblick i hur det \u00e4r att studera p\u00e5 Tibble Campus T\u00e4by.<\/p>\n<p>H\u00e4r hittar du inte bara information om v\u00e5ra utbildningar. Under fliken <a href=\"http:\/\/tibble.nu\/campus-taby\/om-tibble\/\">&#8221;Om Tibble&#8221;<\/a> finns matnyttig information om v\u00e5r skola, och under <a href=\"http:\/\/tibble.nu\/campus-taby\/att-vara-elev-pa-tibble\/\">&#8221;Att vara elev p\u00e5 Tibble&#8221;<\/a> kan du l\u00e4sa mer om hur det \u00e4r att just vara elev hos oss. Vi har ocks\u00e5 samlat information som kan komma till anv\u00e4ndning f\u00f6r dig som g\u00e5r i \u00e5rskurs 9 under fliken <a href=\"http:\/\/tibble.nu\/campus-taby\/gymnasievalet\/\">&#8221;Gymnasievalet&#8221;<\/a>.<\/p>\n<p>Om du \u00e4r elev som redan studerar p\u00e5 Tibble Campus T\u00e4by, eller tillh\u00f6r v\u00e5r personalstyrka h\u00e4nvisar vi er till v\u00e5r <a href=\"http:\/\/tibble.nu\/campus-taby\/tibbleportalen\/\">Tibbleportal.<\/a> H\u00e4r hittar ni intern information och snabbl\u00e4nkar som kommer till anv\u00e4ndning i er utbildning. Du kommer \u00e5t Tibbleportalen genom ikonerna h\u00f6gst upp i det h\u00f6gra h\u00f6rnet. Ikonen som liknar ett hus tar dig till Tibbleportalens startsida och blixt-ikonen till v\u00e4nster ger dig enkel \u00e5tkomst till snabbl\u00e4nkarna.<\/p>\n<p>V\u00e4lkommen att kika runt p\u00e5 v\u00e5r hemsida!<\/p>\n","protected":false},"excerpt":{"rendered":"<p>Vi hoppas att Tibble.nu ska g\u00f6ra det l\u00e4ttare f\u00f6r dig som g\u00e5r p\u00e5 h\u00f6gstadiet att g\u00f6ra ditt gymnasieval.\u00a0D\u00e4rf\u00f6r har vi fyllt v\u00e5r hemsida med information, nyheter, intervjuer och filmer f\u00f6r att du ska f\u00e5 en bra inblick i hur det&#8230;<\/p>\n","protected":false},"author":14,"featured_media":0,"parent":0,"menu_order":29,"comment_status":"closed","ping_status":"closed","template":"","meta":{"footnotes":""},"class_list":["post-5479","page","type-page","status-publish","hentry"],"acf":[],"_links":{"self":[{"href":"https:\/\/tibble.nu\/campus-taby\/wp-json\/wp\/v2\/pages\/5479","targetHints":{"allow":["GET"]}}],"collection":[{"href":"https:\/\/tibble.nu\/campus-taby\/wp-json\/wp\/v2\/pages"}],"about":[{"href":"https:\/\/tibble.nu\/campus-taby\/wp-json\/wp\/v2\/types\/page"}],"author":[{"embeddable":true,"href":"https:\/\/tibble.nu\/campus-taby\/wp-json\/wp\/v2\/users\/14"}],"replies":[{"embeddable":true,"href":"https:\/\/tibble.nu\/campus-taby\/wp-json\/wp\/v2\/comments?post=5479"}],"version-history":[{"count":6,"href":"https:\/\/tibble.nu\/campus-taby\/wp-json\/wp\/v2\/pages\/5479\/revisions"}],"predecessor-version":[{"id":5620,"href":"https:\/\/tibble.nu\/campus-taby\/wp-json\/wp\/v2\/pages\/5479\/revisions\/5620"}],"wp:attachment":[{"href":"https:\/\/tibble.nu\/campus-taby\/wp-json\/wp\/v2\/media?parent=5479"}],"curies":[{"name":"wp","href":"https:\/\/api.w.org\/{rel}","templated":true}]}}