{"id":5138,"date":"2021-08-09T12:14:55","date_gmt":"2021-08-09T10:14:55","guid":{"rendered":"http:\/\/tibble.nu\/campus-taby\/?page_id=5138"},"modified":"2026-03-13T14:16:48","modified_gmt":"2026-03-13T13:16:48","slug":"elevhalsa","status":"publish","type":"page","link":"https:\/\/tibble.nu\/campus-taby\/att-vara-elev-pa-tibble\/elevhalsa\/","title":{"rendered":"Elevh\u00e4lsa"},"content":{"rendered":"<p>P\u00e5 Tibble utg\u00e5r vi fr\u00e5n att l\u00e4rande och h\u00e4lsa g\u00e5r hand i hand. D\u00e4rf\u00f6r l\u00e4gger vi extra stor vikt vid att ha ett kunnigt och stabilt team av kuratorer, skolsk\u00f6terskor, specialpedagoger, skoll\u00e4kare samt psykolog som tillsammans utg\u00f6rs Tibbles elevh\u00e4lsa. Tillsammans med v\u00e5ra kompetenta studie- och yrkesv\u00e4gledare arbetar de med att f\u00f6rebygga och st\u00f6dja eleverna s\u00e5 de ska kunna uppn\u00e5 kunskapsm\u00e5len.<\/p>\n","protected":false},"excerpt":{"rendered":"<p>P\u00e5 Tibble utg\u00e5r vi fr\u00e5n att l\u00e4rande och h\u00e4lsa g\u00e5r hand i hand. D\u00e4rf\u00f6r l\u00e4gger vi extra stor vikt vid att ha ett kunnigt och stabilt team av kuratorer, skolsk\u00f6terskor, specialpedagoger, skoll\u00e4kare samt psykolog som tillsammans utg\u00f6rs Tibbles elevh\u00e4lsa. Tillsammans&#8230;<\/p>\n","protected":false},"author":14,"featured_media":0,"parent":4199,"menu_order":0,"comment_status":"closed","ping_status":"closed","template":"","meta":{"footnotes":""},"class_list":["post-5138","page","type-page","status-publish","hentry"],"acf":[],"_links":{"self":[{"href":"https:\/\/tibble.nu\/campus-taby\/wp-json\/wp\/v2\/pages\/5138","targetHints":{"allow":["GET"]}}],"collection":[{"href":"https:\/\/tibble.nu\/campus-taby\/wp-json\/wp\/v2\/pages"}],"about":[{"href":"https:\/\/tibble.nu\/campus-taby\/wp-json\/wp\/v2\/types\/page"}],"author":[{"embeddable":true,"href":"https:\/\/tibble.nu\/campus-taby\/wp-json\/wp\/v2\/users\/14"}],"replies":[{"embeddable":true,"href":"https:\/\/tibble.nu\/campus-taby\/wp-json\/wp\/v2\/comments?post=5138"}],"version-history":[{"count":5,"href":"https:\/\/tibble.nu\/campus-taby\/wp-json\/wp\/v2\/pages\/5138\/revisions"}],"predecessor-version":[{"id":11917,"href":"https:\/\/tibble.nu\/campus-taby\/wp-json\/wp\/v2\/pages\/5138\/revisions\/11917"}],"up":[{"embeddable":true,"href":"https:\/\/tibble.nu\/campus-taby\/wp-json\/wp\/v2\/pages\/4199"}],"wp:attachment":[{"href":"https:\/\/tibble.nu\/campus-taby\/wp-json\/wp\/v2\/media?parent=5138"}],"curies":[{"name":"wp","href":"https:\/\/api.w.org\/{rel}","templated":true}]}}