{"id":4975,"date":"2021-07-08T12:46:54","date_gmt":"2021-07-08T10:46:54","guid":{"rendered":"http:\/\/tibble.nu\/campus-taby\/?page_id=4975"},"modified":"2024-09-02T13:37:01","modified_gmt":"2024-09-02T11:37:01","slug":"arbeta-pa-tibble","status":"publish","type":"page","link":"https:\/\/tibble.nu\/campus-taby\/om-tibble\/arbeta-pa-tibble\/","title":{"rendered":"Arbeta p\u00e5 Tibble"},"content":{"rendered":"<h4>\u00c4r du intresserad av att arbeta hos oss?<\/h4>\n<p>Tibble Gymnasium s\u00f6ker hela tiden efter nya medarbetare som vill vara med och utveckla skolan.<\/p>\n<p>F\u00f6lj l\u00e4nken nedan f\u00f6r att se lediga tj\u00e4nster p\u00e5 v\u00e5r skola eller skicka in en spontanans\u00f6kan.<\/p>\n<p><a href=\"https:\/\/cedergrenskaab.teamtailor.com\/departments\/tibble-campus-taby\" target=\"_blank\" rel=\"noopener\">Till Tibbles karri\u00e4rssida <\/a><\/p>\n","protected":false},"excerpt":{"rendered":"<p>\u00c4r du intresserad av att arbeta hos oss? Tibble Gymnasium s\u00f6ker hela tiden efter nya medarbetare som vill vara med och utveckla skolan. F\u00f6lj l\u00e4nken nedan f\u00f6r att se lediga tj\u00e4nster p\u00e5 v\u00e5r skola eller skicka in en spontanans\u00f6kan. Till&#8230;<\/p>\n","protected":false},"author":14,"featured_media":0,"parent":4197,"menu_order":0,"comment_status":"closed","ping_status":"closed","template":"","meta":{"footnotes":""},"class_list":["post-4975","page","type-page","status-publish","hentry"],"acf":[],"_links":{"self":[{"href":"https:\/\/tibble.nu\/campus-taby\/wp-json\/wp\/v2\/pages\/4975","targetHints":{"allow":["GET"]}}],"collection":[{"href":"https:\/\/tibble.nu\/campus-taby\/wp-json\/wp\/v2\/pages"}],"about":[{"href":"https:\/\/tibble.nu\/campus-taby\/wp-json\/wp\/v2\/types\/page"}],"author":[{"embeddable":true,"href":"https:\/\/tibble.nu\/campus-taby\/wp-json\/wp\/v2\/users\/14"}],"replies":[{"embeddable":true,"href":"https:\/\/tibble.nu\/campus-taby\/wp-json\/wp\/v2\/comments?post=4975"}],"version-history":[{"count":6,"href":"https:\/\/tibble.nu\/campus-taby\/wp-json\/wp\/v2\/pages\/4975\/revisions"}],"predecessor-version":[{"id":11017,"href":"https:\/\/tibble.nu\/campus-taby\/wp-json\/wp\/v2\/pages\/4975\/revisions\/11017"}],"up":[{"embeddable":true,"href":"https:\/\/tibble.nu\/campus-taby\/wp-json\/wp\/v2\/pages\/4197"}],"wp:attachment":[{"href":"https:\/\/tibble.nu\/campus-taby\/wp-json\/wp\/v2\/media?parent=4975"}],"curies":[{"name":"wp","href":"https:\/\/api.w.org\/{rel}","templated":true}]}}