{"id":4504,"date":"2021-06-29T15:54:29","date_gmt":"2021-06-29T13:54:29","guid":{"rendered":"http:\/\/tibble.nu\/campus-taby\/?page_id=4504"},"modified":"2025-05-21T13:22:25","modified_gmt":"2025-05-21T11:22:25","slug":"elevintervju-med-caroline-sterner","status":"publish","type":"page","link":"https:\/\/tibble.nu\/campus-taby\/elevintervju-med-caroline-sterner\/","title":{"rendered":"Elevintervju med Caroline Sterner"},"content":{"rendered":"<p>Caroline Sterner l\u00e4ser Ekonomiprogrammet p\u00e5 Tibble Campus T\u00e4by och har under tredje \u00e5ret riktat in sig p\u00e5 marknadsf\u00f6ring samtidigt som hon drivit UF-f\u00f6retaget Liten UF med sina klasskamrater. Deras aff\u00e4rsid\u00e9 har varit att skapa en tygkasse med ett tryck av teckningar som barn har ritat f\u00f6r ett hj\u00e4lpande \u00e4ndam\u00e5l. Caroline f\u00f6rklarar att det roligaste med UF-f\u00f6retagande har varit att tillsammans med klasskompisarna driva ett eget f\u00f6retag och skapa en helt egen produkt fr\u00e5n grunden.<\/p>\n<p>&#8221;Att se produkten utvecklas fr\u00e5n en skiss till en f\u00e4rdig produkt i handen, det \u00e4r en obeskrivlig k\u00e4nsla.&#8221;<\/p>\n<p>Caroline f\u00f6rklarar att kursen gett henne anv\u00e4ndbara verktyg f\u00f6r arbetslivet och vidare studier, samt hennes framtida dr\u00f6mmar om att en dag jobba som marknadsf\u00f6ringschef p\u00e5 ett stort f\u00f6retag med inriktning p\u00e5 sociala medier.<\/p>\n<p>&#8221;Jag har f\u00e5tt v\u00e4ldigt mycket kunskaper om hur de \u00e4r att driva ett f\u00f6retag, hur man ska agera mot kunder och p\u00e5 b\u00e4sta s\u00e4tt marknadsf\u00f6ra sina produkter. Samt vikten av att ha en bra gruppdynamik och att h\u00e5rt arbete leder till goda resultat.&#8221;<\/p>\n<p>&nbsp;<\/p>\n<p>&nbsp;<\/p>\n","protected":false},"excerpt":{"rendered":"<p>Caroline Sterner l\u00e4ser Ekonomiprogrammet p\u00e5 Tibble Campus T\u00e4by och har under tredje \u00e5ret riktat in sig p\u00e5 marknadsf\u00f6ring samtidigt som hon drivit UF-f\u00f6retaget Liten UF med sina klasskamrater. Deras aff\u00e4rsid\u00e9 har varit att skapa en tygkasse med ett tryck av&#8230;<\/p>\n","protected":false},"author":14,"featured_media":0,"parent":0,"menu_order":10,"comment_status":"closed","ping_status":"closed","template":"","meta":{"footnotes":""},"class_list":["post-4504","page","type-page","status-publish","hentry"],"acf":[],"_links":{"self":[{"href":"https:\/\/tibble.nu\/campus-taby\/wp-json\/wp\/v2\/pages\/4504","targetHints":{"allow":["GET"]}}],"collection":[{"href":"https:\/\/tibble.nu\/campus-taby\/wp-json\/wp\/v2\/pages"}],"about":[{"href":"https:\/\/tibble.nu\/campus-taby\/wp-json\/wp\/v2\/types\/page"}],"author":[{"embeddable":true,"href":"https:\/\/tibble.nu\/campus-taby\/wp-json\/wp\/v2\/users\/14"}],"replies":[{"embeddable":true,"href":"https:\/\/tibble.nu\/campus-taby\/wp-json\/wp\/v2\/comments?post=4504"}],"version-history":[{"count":5,"href":"https:\/\/tibble.nu\/campus-taby\/wp-json\/wp\/v2\/pages\/4504\/revisions"}],"predecessor-version":[{"id":5697,"href":"https:\/\/tibble.nu\/campus-taby\/wp-json\/wp\/v2\/pages\/4504\/revisions\/5697"}],"wp:attachment":[{"href":"https:\/\/tibble.nu\/campus-taby\/wp-json\/wp\/v2\/media?parent=4504"}],"curies":[{"name":"wp","href":"https:\/\/api.w.org\/{rel}","templated":true}]}}