{"id":4494,"date":"2021-06-29T15:44:59","date_gmt":"2021-06-29T13:44:59","guid":{"rendered":"http:\/\/tibble.nu\/campus-taby\/?page_id=4494"},"modified":"2022-12-13T11:56:41","modified_gmt":"2022-12-13T10:56:41","slug":"intervju-med-philip-hedberg","status":"publish","type":"page","link":"https:\/\/tibble.nu\/campus-taby\/att-vara-elev-pa-tibble\/vara-larare\/intervju-med-philip-hedberg\/","title":{"rendered":"Intervju med Philip Hedberg"},"content":{"rendered":"<p>N\u00e4r Philip Hedberg klev in i Tibble Campus T\u00e4bys korridorer k\u00e4nde han direkt att han var p\u00e5 r\u00e4tt plats. Philips vision \u00e4r att vara en inspirat\u00f6r inom \u00e4mnet samh\u00e4llskunskap som han undervisar i, med f\u00f6rhoppning att den passionen ocks\u00e5 smittar av sig till eleverna. Centralt i hans undervisning \u00e4r att eleverna ska k\u00e4nna att de v\u00e4xer som individer och han arbetar aktivt med att kunna f\u00f6ra en dialog mellan teori och praktik, n\u00e5gon som han anser \u00e4r extra viktigt i dagens samh\u00e4llsdebatt.<\/p>\n<p>&#8221;Jag st\u00e4ller h\u00f6ga krav p\u00e5 mina elever och tillsammans skapar vi ett gemensamt och tydligt fokus \u2014 ett fokus som pr\u00e4glar Tibbles ungdomar; de \u00e4r ambiti\u00f6sa, m\u00e5linriktade och positiva. Det \u00e4r med andra ord en riktigt fr\u00f6jd och f\u00f6rm\u00e5n att f\u00e5 arbeta h\u00e4r p\u00e5 heltid.&#8221;<\/p>\n<p><span style=\"font-weight: 400\">Philip har ocks\u00e5 ett f\u00f6rstel\u00e4raruppdrag med fokus p\u00e5 studie- och yrkesv\u00e4gledning.\u00a0<\/span><\/p>\n<p><span style=\"font-weight: 400\">\u201dEtt viktigt m\u00e5l som jag tycker skolan ska str\u00e4va efter \u00e4r att varje elev har tillr\u00e4ckligt med kunskaper och erfarenheter f\u00f6r att med trygghet kunna utforma sina egna val av fortsatt utbildning och yrkesinriktning.\u201d<\/span><\/p>\n<p>&nbsp;<\/p>\n<p>&nbsp;<\/p>\n","protected":false},"excerpt":{"rendered":"<p>N\u00e4r Philip Hedberg klev in i Tibble Campus T\u00e4bys korridorer k\u00e4nde han direkt att han var p\u00e5 r\u00e4tt plats. Philips vision \u00e4r att vara en inspirat\u00f6r inom \u00e4mnet samh\u00e4llskunskap som han undervisar i, med f\u00f6rhoppning att den passionen ocks\u00e5 smittar&#8230;<\/p>\n","protected":false},"author":14,"featured_media":0,"parent":5741,"menu_order":0,"comment_status":"closed","ping_status":"closed","template":"","meta":{"footnotes":""},"class_list":["post-4494","page","type-page","status-publish","hentry"],"acf":[],"_links":{"self":[{"href":"https:\/\/tibble.nu\/campus-taby\/wp-json\/wp\/v2\/pages\/4494","targetHints":{"allow":["GET"]}}],"collection":[{"href":"https:\/\/tibble.nu\/campus-taby\/wp-json\/wp\/v2\/pages"}],"about":[{"href":"https:\/\/tibble.nu\/campus-taby\/wp-json\/wp\/v2\/types\/page"}],"author":[{"embeddable":true,"href":"https:\/\/tibble.nu\/campus-taby\/wp-json\/wp\/v2\/users\/14"}],"replies":[{"embeddable":true,"href":"https:\/\/tibble.nu\/campus-taby\/wp-json\/wp\/v2\/comments?post=4494"}],"version-history":[{"count":6,"href":"https:\/\/tibble.nu\/campus-taby\/wp-json\/wp\/v2\/pages\/4494\/revisions"}],"predecessor-version":[{"id":8746,"href":"https:\/\/tibble.nu\/campus-taby\/wp-json\/wp\/v2\/pages\/4494\/revisions\/8746"}],"up":[{"embeddable":true,"href":"https:\/\/tibble.nu\/campus-taby\/wp-json\/wp\/v2\/pages\/5741"}],"wp:attachment":[{"href":"https:\/\/tibble.nu\/campus-taby\/wp-json\/wp\/v2\/media?parent=4494"}],"curies":[{"name":"wp","href":"https:\/\/api.w.org\/{rel}","templated":true}]}}