{"id":4444,"date":"2021-06-29T14:40:04","date_gmt":"2021-06-29T12:40:04","guid":{"rendered":"http:\/\/tibble.nu\/campus-taby\/?page_id=4444"},"modified":"2025-05-21T13:22:24","modified_gmt":"2025-05-21T11:22:24","slug":"elevintervju-med-anna-ekstrand","status":"publish","type":"page","link":"https:\/\/tibble.nu\/campus-taby\/elevintervju-med-anna-ekstrand\/","title":{"rendered":"Elevintervju med Anna Ekstrand"},"content":{"rendered":"<p>Idag l\u00e4ser jag Internationella Relationer p\u00e5 Stockholms Universitet. Kursen behandlar bland annat fr\u00e5gor som terrorism, m\u00e4nskliga r\u00e4ttigheter och hur man hanterar en pandemi. Jag l\u00e4ser ut\u00f6ver det onlinekursen: \u2018Humanitarian response to Conflict and Disaster\u2019 p\u00e5 Harvard University. I gymnasiet pluggade jag med tydligt fokus p\u00e5 naturvetenskap. Det k\u00e4ndes d\u00e4rf\u00f6r sp\u00e4nnande att plugga ett \u00e4mne inom en helt annan inriktning.<\/p>\n<p>Den r\u00f6da tr\u00e5den i naturprogrammet: att t\u00e4nka vetenskapligt, analytiskt och att strukturerat angripa och l\u00f6sa problem \u00e4r n\u00e5got jag tagit med mig. Detta har visat sig anv\u00e4ndbart \u00e4ven nu n\u00e4r jag pluggar ett samh\u00e4llsorienterat \u00e4mne. F\u00f6rutom detta \u00e4r det, kanske framf\u00f6r allt, viktigt att ha med sig i vardagen. Det hj\u00e4lper n\u00e4r man ska navigera i en v\u00e4rld av fake-news och kriser som avl\u00f6ser varandra; att ha ett mindset av kritiskt t\u00e4nkande.<\/p>\n<p>Fr\u00e5n tiden p\u00e5 Tibble minns jag bland annat studieresan till Geneve! \u00c4ven Tibbles traditioner och elevk\u00e5rens aktiviteter. Den sociala biten av skolan \u00e4r s\u00e5 viktig och jag hade en j\u00e4ttekul gymnasietid och skaffade m\u00e5nga nya v\u00e4nner. En annan sak jag tror att jag kommer ha med mig l\u00e4nge \u00e4r de intryck som relationer till l\u00e4rare ha l\u00e4mnat. Deras engagemang var avg\u00f6rande f\u00f6r min motivation i skolan, den typen av personligt deltagande har vidare gett mig starkt driv inf\u00f6r att plugga vidare.<\/p>\n<p>&nbsp;<\/p>\n","protected":false},"excerpt":{"rendered":"<p>Idag l\u00e4ser jag Internationella Relationer p\u00e5 Stockholms Universitet. Kursen behandlar bland annat fr\u00e5gor som terrorism, m\u00e4nskliga r\u00e4ttigheter och hur man hanterar en pandemi. Jag l\u00e4ser ut\u00f6ver det onlinekursen: \u2018Humanitarian response to Conflict and Disaster\u2019 p\u00e5 Harvard University. I gymnasiet pluggade&#8230;<\/p>\n","protected":false},"author":14,"featured_media":0,"parent":0,"menu_order":9,"comment_status":"closed","ping_status":"closed","template":"","meta":{"footnotes":""},"class_list":["post-4444","page","type-page","status-publish","hentry"],"acf":[],"_links":{"self":[{"href":"https:\/\/tibble.nu\/campus-taby\/wp-json\/wp\/v2\/pages\/4444","targetHints":{"allow":["GET"]}}],"collection":[{"href":"https:\/\/tibble.nu\/campus-taby\/wp-json\/wp\/v2\/pages"}],"about":[{"href":"https:\/\/tibble.nu\/campus-taby\/wp-json\/wp\/v2\/types\/page"}],"author":[{"embeddable":true,"href":"https:\/\/tibble.nu\/campus-taby\/wp-json\/wp\/v2\/users\/14"}],"replies":[{"embeddable":true,"href":"https:\/\/tibble.nu\/campus-taby\/wp-json\/wp\/v2\/comments?post=4444"}],"version-history":[{"count":4,"href":"https:\/\/tibble.nu\/campus-taby\/wp-json\/wp\/v2\/pages\/4444\/revisions"}],"predecessor-version":[{"id":5698,"href":"https:\/\/tibble.nu\/campus-taby\/wp-json\/wp\/v2\/pages\/4444\/revisions\/5698"}],"wp:attachment":[{"href":"https:\/\/tibble.nu\/campus-taby\/wp-json\/wp\/v2\/media?parent=4444"}],"curies":[{"name":"wp","href":"https:\/\/api.w.org\/{rel}","templated":true}]}}