{"id":11313,"date":"2024-11-13T08:59:19","date_gmt":"2024-11-13T07:59:19","guid":{"rendered":"https:\/\/tibble.nu\/campus-taby\/?page_id=11313"},"modified":"2024-11-13T09:01:04","modified_gmt":"2024-11-13T08:01:04","slug":"elevintervju-med-enzo-forselius","status":"publish","type":"page","link":"https:\/\/tibble.nu\/campus-taby\/utbildningar\/teknik\/elevintervju-med-enzo-forselius\/","title":{"rendered":"Elevintervju med Enzo Forselius"},"content":{"rendered":"<p class=\"x_MsoNormal\"><span data-olk-copy-source=\"MessageBody\">Enzo Forselius tog studenten fr\u00e5n <a href=\"https:\/\/tibble.nu\/campus-taby\/utbildningar\/teknik\/\">Teknikprogrammet<\/a> p\u00e5 Tibble 2022. Under hans tid p\u00e5 skolan p\u00e5verkades studierna av pandemin, vilket ledde till att mycket av undervisningen bedrevs online. Trots det har hans minnen fr\u00e5n Tibble l\u00e4mnat b\u00e5de ett starkt och positivt intryck.<\/span><\/p>\n<p class=\"x_MsoNormal\">&#8221;Det b\u00e4sta var sammanh\u00e5llningen p\u00e5 skolan. Jag l\u00e4rde mig mycket p\u00e5 Teknikprogrammet, s\u00e4rskilt inom programmering och webbutveckling, vilket jag har stor nytta av idag. \u00c4ven UF (Ung F\u00f6retagsamhet) var mycket l\u00e4rorikt. Idag driver jag tillsammans med en kollega ett aktiebolag \u2013 Sportbytarboden i T\u00e4by. Om allt g\u00e5r bra kan jag se mig sj\u00e4lv forts\u00e4tta d\u00e4r i flera \u00e5r fram\u00f6ver. Jag har ett starkt driv och trivs med det jag g\u00f6r. Oavsett vad framtiden bjuder p\u00e5 kommer det sannolikt vara n\u00e5got jag driver sj\u00e4lv.&#8221;<\/p>\n<p class=\"x_MsoNormal\">Enzo trivdes verkligen p\u00e5 Tibble och minns s\u00e4rskilt hur trevliga alla var. N\u00e5gra av l\u00e4rarna hj\u00e4lpte honom att f\u00e5 nya perspektiv \u2013 inte bara i klassrummet utan \u00e4ven i livet. Han har tagit med sig viktiga l\u00e4rdomar in i vuxenlivet. Till dagens elever skickar han med f\u00f6ljande r\u00e5d:<\/p>\n<p class=\"x_MsoNormal\">&#8221;Ha inte s\u00e5 br\u00e5ttom efter studenten. Jag jobbade p\u00e5 och reste!&#8221;<\/p>\n","protected":false},"excerpt":{"rendered":"<p>Enzo Forselius tog studenten fr\u00e5n Teknikprogrammet p\u00e5 Tibble 2022. Under hans tid p\u00e5 skolan p\u00e5verkades studierna av pandemin, vilket ledde till att mycket av undervisningen bedrevs online. Trots det har hans minnen fr\u00e5n Tibble l\u00e4mnat b\u00e5de ett starkt och positivt&#8230;<\/p>\n","protected":false},"author":14,"featured_media":0,"parent":8232,"menu_order":0,"comment_status":"closed","ping_status":"closed","template":"","meta":{"footnotes":""},"class_list":["post-11313","page","type-page","status-publish","hentry"],"acf":[],"_links":{"self":[{"href":"https:\/\/tibble.nu\/campus-taby\/wp-json\/wp\/v2\/pages\/11313","targetHints":{"allow":["GET"]}}],"collection":[{"href":"https:\/\/tibble.nu\/campus-taby\/wp-json\/wp\/v2\/pages"}],"about":[{"href":"https:\/\/tibble.nu\/campus-taby\/wp-json\/wp\/v2\/types\/page"}],"author":[{"embeddable":true,"href":"https:\/\/tibble.nu\/campus-taby\/wp-json\/wp\/v2\/users\/14"}],"replies":[{"embeddable":true,"href":"https:\/\/tibble.nu\/campus-taby\/wp-json\/wp\/v2\/comments?post=11313"}],"version-history":[{"count":4,"href":"https:\/\/tibble.nu\/campus-taby\/wp-json\/wp\/v2\/pages\/11313\/revisions"}],"predecessor-version":[{"id":11320,"href":"https:\/\/tibble.nu\/campus-taby\/wp-json\/wp\/v2\/pages\/11313\/revisions\/11320"}],"up":[{"embeddable":true,"href":"https:\/\/tibble.nu\/campus-taby\/wp-json\/wp\/v2\/pages\/8232"}],"wp:attachment":[{"href":"https:\/\/tibble.nu\/campus-taby\/wp-json\/wp\/v2\/media?parent=11313"}],"curies":[{"name":"wp","href":"https:\/\/api.w.org\/{rel}","templated":true}]}}