{"id":6553,"date":"2022-12-08T14:57:57","date_gmt":"2022-12-08T13:57:57","guid":{"rendered":"https:\/\/tibble.nu\/campus-kista\/?page_id=6553"},"modified":"2025-11-24T13:02:19","modified_gmt":"2025-11-24T12:02:19","slug":"musikhjalpen","status":"publish","type":"page","link":"https:\/\/tibble.nu\/campus-kista\/musikhjalpen\/","title":{"rendered":"Musikhj\u00e4lpen"},"content":{"rendered":"<p><strong>Elever och personal p\u00e5 Tibble Campus Kista st\u00f6djer musikhj\u00e4lpen och har startat en b\u00f6ssa f\u00f6r att samla in pengar till \u00e5rets engagemang &#8211; Alla barn har r\u00e4tt att g\u00e5 i skolan.<\/strong><\/p>\n<p>Utbildning \u00e4r en m\u00e4nsklig r\u00e4ttighet. Men att f\u00e5 g\u00e5 i skolan \u00e4r l\u00e5ngt ifr\u00e5n sj\u00e4lvklart f\u00f6r de miljontals barn och unga som lever i kriser som krig, fattigdom och naturkatastrofer. F\u00f6rutom att de inte f\u00e5r l\u00e4ra sig l\u00e4sa, skriva och r\u00e4kna s\u00e5 f\u00f6rlorar de ocks\u00e5 skolans livsviktiga skydd mot de hot som uppst\u00e5r i krissituationer.<\/p>\n<p>Pengarna som samlas in under Musikhj\u00e4lpen 2025 kommer att g\u00e5 till insatser f\u00f6r att barn och unga som lever p\u00e5 krisdrabbade platser runtom i v\u00e4rlden ska kunna g\u00e5 i skolan \u2013 f\u00f6r varje barns r\u00e4tt att l\u00e4ra, v\u00e4xa och dr\u00f6mma.<\/p>\n<p>Sk\u00e4nk en slant och bidra till en b\u00e4ttre v\u00e4rld!<\/p>\n<p><a class=\"btn btn-default btn-m\" href=\"https:\/\/bossan.musikhjalpen.se\/tibble-kista-skramlar\/\" target=\"_blank\" rel=\"noopener\">Sk\u00e4nk pengar i v\u00e5r b\u00f6ssa\u00a0<\/a><\/p>\n<p><a href=\"https:\/\/bossan.musikhjalpen.se\/tibble-kista-skramlar\/\"><img loading=\"lazy\" decoding=\"async\" class=\"alignnone wp-image-11412 size-large\" src=\"https:\/\/tibble.nu\/campus-kista\/wp-content\/uploads\/sites\/2\/2025\/11\/Temabild-2048x1152-Vi-stodjer-1-original-1597686-1024x576.jpg\" alt=\"\" width=\"1024\" height=\"576\" srcset=\"https:\/\/tibble.nu\/campus-kista\/wp-content\/uploads\/sites\/2\/2025\/11\/Temabild-2048x1152-Vi-stodjer-1-original-1597686-1024x576.jpg 1024w, https:\/\/tibble.nu\/campus-kista\/wp-content\/uploads\/sites\/2\/2025\/11\/Temabild-2048x1152-Vi-stodjer-1-original-1597686-300x169.jpg 300w, https:\/\/tibble.nu\/campus-kista\/wp-content\/uploads\/sites\/2\/2025\/11\/Temabild-2048x1152-Vi-stodjer-1-original-1597686-768x432.jpg 768w, https:\/\/tibble.nu\/campus-kista\/wp-content\/uploads\/sites\/2\/2025\/11\/Temabild-2048x1152-Vi-stodjer-1-original-1597686-1536x864.jpg 1536w, https:\/\/tibble.nu\/campus-kista\/wp-content\/uploads\/sites\/2\/2025\/11\/Temabild-2048x1152-Vi-stodjer-1-original-1597686-150x84.jpg 150w, https:\/\/tibble.nu\/campus-kista\/wp-content\/uploads\/sites\/2\/2025\/11\/Temabild-2048x1152-Vi-stodjer-1-original-1597686-660x371.jpg 660w, https:\/\/tibble.nu\/campus-kista\/wp-content\/uploads\/sites\/2\/2025\/11\/Temabild-2048x1152-Vi-stodjer-1-original-1597686.jpg 2048w\" sizes=\"auto, (max-width: 1024px) 100vw, 1024px\" \/><\/a><\/p>\n","protected":false},"excerpt":{"rendered":"<p>Elever och personal p\u00e5 Tibble Campus Kista st\u00f6djer musikhj\u00e4lpen och har startat en b\u00f6ssa f\u00f6r att samla in pengar till \u00e5rets engagemang &#8211; Alla barn har r\u00e4tt att g\u00e5 i skolan. Utbildning \u00e4r en m\u00e4nsklig r\u00e4ttighet. Men att f\u00e5 g\u00e5&#8230;<\/p>\n","protected":false},"author":14,"featured_media":0,"parent":0,"menu_order":0,"comment_status":"closed","ping_status":"closed","template":"","meta":{"footnotes":""},"class_list":["post-6553","page","type-page","status-publish","hentry"],"acf":[],"_links":{"self":[{"href":"https:\/\/tibble.nu\/campus-kista\/wp-json\/wp\/v2\/pages\/6553","targetHints":{"allow":["GET"]}}],"collection":[{"href":"https:\/\/tibble.nu\/campus-kista\/wp-json\/wp\/v2\/pages"}],"about":[{"href":"https:\/\/tibble.nu\/campus-kista\/wp-json\/wp\/v2\/types\/page"}],"author":[{"embeddable":true,"href":"https:\/\/tibble.nu\/campus-kista\/wp-json\/wp\/v2\/users\/14"}],"replies":[{"embeddable":true,"href":"https:\/\/tibble.nu\/campus-kista\/wp-json\/wp\/v2\/comments?post=6553"}],"version-history":[{"count":5,"href":"https:\/\/tibble.nu\/campus-kista\/wp-json\/wp\/v2\/pages\/6553\/revisions"}],"predecessor-version":[{"id":11417,"href":"https:\/\/tibble.nu\/campus-kista\/wp-json\/wp\/v2\/pages\/6553\/revisions\/11417"}],"wp:attachment":[{"href":"https:\/\/tibble.nu\/campus-kista\/wp-json\/wp\/v2\/media?parent=6553"}],"curies":[{"name":"wp","href":"https:\/\/api.w.org\/{rel}","templated":true}]}}