{"id":5759,"date":"2021-10-22T12:04:01","date_gmt":"2021-10-22T10:04:01","guid":{"rendered":"https:\/\/tibble.nu\/campus-kista\/?page_id=5759"},"modified":"2025-09-24T21:32:47","modified_gmt":"2025-09-24T19:32:47","slug":"kriminologi","status":"publish","type":"page","link":"https:\/\/tibble.nu\/campus-kista\/utbildningar\/kriminologi\/","title":{"rendered":"Ny profil: Kriminologi"},"content":{"rendered":"<p>P\u00e5 Tibble Gymnasium Campus Kista kan du nu l\u00e4sa v\u00e5r profil Kriminologi. Kriminologi betyder l\u00e4ran om brott och h\u00e4r studera du kriminologiska teorier och f\u00e5r f\u00f6rst\u00e5else och r\u00e4ttspsykologiska processer. Utbildningen ber\u00f6r hela kedjan av ett brott och vi studerar orsaker, konsekvenser och l\u00f6sningar.<\/p>\n<p><strong>L\u00e4s kriminologi p\u00e5 gymnasieniv\u00e5<\/strong><\/p>\n<p>V\u00e4ljer du kriminologi kommer det \u00e4mnesomr\u00e5det att genomsyra hela din utbildning \u2013 inte bara tv\u00e5 kurser. Profilen f\u00f6ljer en r\u00f6d tr\u00e5d genom alla dina kurser under dina tre gymnasie\u00e5r, fr\u00e5n Historia och Samh\u00e4llskunskap till Psykologi och Naturkunskap. Det breda \u00e4mnet kriminologi ber\u00f6r n\u00e4mligen alla omr\u00e5den, som du kommer f\u00e5 belysa ur olika perspektiv genom att blanda in kriminologi i de olika kurserna.<\/p>\n<p><strong>Samarbete med Kriminologiska institutionen (SU) och Polisen\u00a0<\/strong><\/p>\n<p>Under din studietid kommer du f\u00e5 bes\u00f6ka r\u00e4tteg\u00e5ngar och domstolar samt ta del av samarbeten med h\u00f6gskola och universitet genom intressanta f\u00f6rel\u00e4sningar, exempelvis hos SU:s Kriminologiska Institution. Du kommer \u00e4ven f\u00e5 tr\u00e4ffa viktiga akt\u00f6rer inom branschen och g\u00f6ra klassbes\u00f6k till koncentrationsl\u00e4ger i Polen.<\/p>\n<p><strong>V\u00e4lj kriminologi med Ekonomi, Samh\u00e4lls- eller Naturvetenskapsprogrammet\u00a0<\/strong><\/p>\n<p>Kriminologi-profilen l\u00e4ser du om du v\u00e4ljer <a href=\"https:\/\/tibble.nu\/campus-kista\/utbildningar\/ekonomi\/\">Ekonomiprogrammet<\/a> inriktning Juridik-Kriminologi, <a href=\"https:\/\/tibble.nu\/campus-kista\/utbildningar\/samhallsvetenskap\/\">Samh\u00e4llsvetenskapsprogrammet<\/a> inriktning Beteendevetenskap-Kriminologi eller <a href=\"https:\/\/tibble.nu\/campus-kista\/utbildningar\/naturvetenskap\/\">Naturvetenskapsprogrammet<\/a> inriktning Naturvetenskap &amp; samh\u00e4lle. Detta g\u00f6r att du f\u00e5r m\u00f6jlighet att studera med elever fr\u00e5n andra klasser.<\/p>\n<p>Kriminologi \u00e4r ett framtidsomr\u00e5de och Tibble Gymnasium Campus Kista har som m\u00e5l att leverera den h\u00f6gsta niv\u00e5n av kriminologstudier p\u00e5 gymnasieniv\u00e5 i Sverige. Hos oss blir du v\u00e4l f\u00f6rberedd inf\u00f6r framtida studier inom l\u00e4ran om brottslighet och utbildningen passar dig som dr\u00f6mmer om en framtid inom r\u00e4ttsv\u00e4sendet eller som polis eller kriminolog.<\/p>\n<p>&nbsp;<\/p>\n<div class=\"video-embed-container\"><iframe loading=\"lazy\" title=\"Kriminologi p\u00e5 Tibble Campus Kista\" width=\"500\" height=\"281\" src=\"https:\/\/www.youtube.com\/embed\/XPAUI15_M0M?feature=oembed\" frameborder=\"0\" allow=\"accelerometer; autoplay; clipboard-write; encrypted-media; gyroscope; picture-in-picture; web-share\" referrerpolicy=\"strict-origin-when-cross-origin\" allowfullscreen><\/iframe><\/div>\n","protected":false},"excerpt":{"rendered":"<p>P\u00e5 Tibble Gymnasium Campus Kista kan du nu l\u00e4sa v\u00e5r profil Kriminologi. Kriminologi betyder l\u00e4ran om brott och h\u00e4r studera du kriminologiska teorier och f\u00e5r f\u00f6rst\u00e5else och r\u00e4ttspsykologiska processer. Utbildningen ber\u00f6r hela kedjan av ett brott och vi studerar orsaker,&#8230;<\/p>\n","protected":false},"author":14,"featured_media":0,"parent":4884,"menu_order":0,"comment_status":"closed","ping_status":"closed","template":"","meta":{"footnotes":""},"class_list":["post-5759","page","type-page","status-publish","hentry"],"acf":[],"_links":{"self":[{"href":"https:\/\/tibble.nu\/campus-kista\/wp-json\/wp\/v2\/pages\/5759","targetHints":{"allow":["GET"]}}],"collection":[{"href":"https:\/\/tibble.nu\/campus-kista\/wp-json\/wp\/v2\/pages"}],"about":[{"href":"https:\/\/tibble.nu\/campus-kista\/wp-json\/wp\/v2\/types\/page"}],"author":[{"embeddable":true,"href":"https:\/\/tibble.nu\/campus-kista\/wp-json\/wp\/v2\/users\/14"}],"replies":[{"embeddable":true,"href":"https:\/\/tibble.nu\/campus-kista\/wp-json\/wp\/v2\/comments?post=5759"}],"version-history":[{"count":5,"href":"https:\/\/tibble.nu\/campus-kista\/wp-json\/wp\/v2\/pages\/5759\/revisions"}],"predecessor-version":[{"id":10091,"href":"https:\/\/tibble.nu\/campus-kista\/wp-json\/wp\/v2\/pages\/5759\/revisions\/10091"}],"up":[{"embeddable":true,"href":"https:\/\/tibble.nu\/campus-kista\/wp-json\/wp\/v2\/pages\/4884"}],"wp:attachment":[{"href":"https:\/\/tibble.nu\/campus-kista\/wp-json\/wp\/v2\/media?parent=5759"}],"curies":[{"name":"wp","href":"https:\/\/api.w.org\/{rel}","templated":true}]}}