{"id":4942,"date":"2021-07-05T18:04:32","date_gmt":"2021-07-05T16:04:32","guid":{"rendered":"https:\/\/tibble.nu\/campus-kista\/?page_id=4942"},"modified":"2021-08-20T08:39:29","modified_gmt":"2021-08-20T06:39:29","slug":"projektvecka","status":"publish","type":"page","link":"https:\/\/tibble.nu\/campus-kista\/om-tibble\/projektvecka\/","title":{"rendered":"Projektveckan"},"content":{"rendered":"<p><span style=\"font-weight: 400\">Projektveckorna infaller fyra g\u00e5nger per l\u00e4s\u00e5r d\u00e5 de vanliga lektionerna avbryts och eleverna ist\u00e4llet f\u00e5r arbeta \u00e4mnes\u00f6vergripande i grupp med ett projekt som ber\u00f6r ett av de globala m\u00e5len. Syftet med arbetet \u00e4r att efter varje projekt ha kommit ett steg n\u00e4rmare h\u00e5llbarhetsm\u00e5len i Agenda 2030. Detta genomf\u00f6rs i tre steg d\u00e5 eleverna dels f\u00e5r studera de globala m\u00e5len, sedan unders\u00f6ka hur v\u00e4l samh\u00e4llet i stort uppfyller dessa m\u00e5l och till sist f\u00f6rs\u00f6ka ge konkreta tips till hur vi kan uppn\u00e5 m\u00e5len. Eleverna har i sina projekt varit i kontakt med b\u00e5de f\u00f6retag, organisationer och politiker vilket har resulterat i b\u00e5de skriftliga uppsatser och redovisningar, samt informationskampanjer. <\/span><\/p>\n","protected":false},"excerpt":{"rendered":"<p>Projektveckorna infaller fyra g\u00e5nger per l\u00e4s\u00e5r d\u00e5 de vanliga lektionerna avbryts och eleverna ist\u00e4llet f\u00e5r arbeta \u00e4mnes\u00f6vergripande i grupp med ett projekt som ber\u00f6r ett av de globala m\u00e5len. Syftet med arbetet \u00e4r att efter varje projekt ha kommit ett&#8230;<\/p>\n","protected":false},"author":14,"featured_media":0,"parent":4907,"menu_order":0,"comment_status":"closed","ping_status":"closed","template":"","meta":{"footnotes":""},"class_list":["post-4942","page","type-page","status-publish","hentry"],"acf":[],"_links":{"self":[{"href":"https:\/\/tibble.nu\/campus-kista\/wp-json\/wp\/v2\/pages\/4942","targetHints":{"allow":["GET"]}}],"collection":[{"href":"https:\/\/tibble.nu\/campus-kista\/wp-json\/wp\/v2\/pages"}],"about":[{"href":"https:\/\/tibble.nu\/campus-kista\/wp-json\/wp\/v2\/types\/page"}],"author":[{"embeddable":true,"href":"https:\/\/tibble.nu\/campus-kista\/wp-json\/wp\/v2\/users\/14"}],"replies":[{"embeddable":true,"href":"https:\/\/tibble.nu\/campus-kista\/wp-json\/wp\/v2\/comments?post=4942"}],"version-history":[{"count":6,"href":"https:\/\/tibble.nu\/campus-kista\/wp-json\/wp\/v2\/pages\/4942\/revisions"}],"predecessor-version":[{"id":5522,"href":"https:\/\/tibble.nu\/campus-kista\/wp-json\/wp\/v2\/pages\/4942\/revisions\/5522"}],"up":[{"embeddable":true,"href":"https:\/\/tibble.nu\/campus-kista\/wp-json\/wp\/v2\/pages\/4907"}],"wp:attachment":[{"href":"https:\/\/tibble.nu\/campus-kista\/wp-json\/wp\/v2\/media?parent=4942"}],"curies":[{"name":"wp","href":"https:\/\/api.w.org\/{rel}","templated":true}]}}